 - 4*m + 5. List the prime factors of o(k).
17
Let o(q) = q**2 - 4*q - 12. What are the prime factors of o(-7)?
5, 13
List the prime factors of ((-10)/25)/(-1*(-1)/(-110)).
2, 11
List the prime factors of (-1229)/(-5) - (-2 + 45/25).
2, 3, 41
Suppose -2*j = -82 - 154. What are the prime factors of j?
2, 59
Let s(r) be the first derivative of 4*r**2 - 5. List the prime factors of s(1).
2
Let c be (-110)/(-8) - (-4)/16. List the prime factors of 1095/35 + (-4)/c.
31
Let d(n) = 3*n + 4. Let b = 0 - -4. Let i be d(b). Suppose -i = 3*g + 2*j - 85, -2*g + 45 = j. List the prime factors of g.
3, 7
Let o(w) = w**2 + w - 5. List the prime factors of o(-8).
3, 17
Suppose -2 = -a - 4*b, 2*a - 2*b - 39 = -3*b. Suppose o + a = 3*o. What are the prime factors of o?
11
Suppose 2*t = t + 2*r - 10, -4*r + 16 = 0. Let l be 2/(t - 32/(-15)). Suppose -h = 2*h - l. List the prime factors of h.
5
Suppose 3*z - 4*j = 40, 3*j = -0*z - 4*z + 95. Let u = z + -1. Let b = u - 12. What are the prime factors of b?
7
Suppose 2*j + 4*l - 50 = 0, -53 = 2*j - 4*j - 5*l. List the prime factors of j.
19
Let t(k) = 29*k**3 + k**2 - 2*k + 1. What are the prime factors of t(1)?
29
What are the prime factors of (-7 - -28)*4/6?
2, 7
Let c = 7 - 2. Suppose c - 2 = n. What are the prime factors of n?
3
Let r be -29*4/(6 + -2). Let t = r + 40. List the prime factors of t.
11
Let q(o) be the second derivative of o**8/6720 + o**7/504 + o**5/60 - o**4/12 - 3*o. Let n(p) be the third derivative of q(p). List the prime factors of n(-5).
2
Suppose -3*a + 5*a = -6. Let j = a + 5. List the prime factors of j.
2
Let b = 24 - 8. Let p be (-1 - 6/(-4))*14. Let t = b - p. What are the prime factors of t?
3
Suppose -52 = -4*s - 0*s. What are the prime factors of s?
13
Suppose -4*h + 65 = 9. Let b be ((-24)/h)/(4/(-14)). Let u = b + -3. List the prime factors of u.
3
Let s = 4 + -2. Suppose -x = -a + s*a + 3, 0 = a + 3*x - 7. List the prime factors of (10/(-4))/(2/a).
2, 5
Let l(c) = 15*c**2 - c - 1. Let j be l(-1). Suppose 2 = -4*k + 3*k + s, 5*s = j. List the prime factors of -1*(3 - k - 10).
2
Let k = -9 - -16. Let v = -4 + k. What are the prime factors of v?
3
What are the prime factors of 6 + -2 + -11 + 181?
2, 3, 29
Let o(f) = -2*f**3 - 6*f**2 + 2*f - 10. What are the prime factors of o(-5)?
2, 5
Suppose 8 = 2*l - 0. Let o be (-1)/l + (-68)/(-16). Suppose -4 - 8 = -o*u. List the prime factors of u.
3
Let c(l) = -6*l**2 + 3*l + 1. Let q be c(3). Let k = -20 - q. List the prime factors of k.
2, 3
What are the prime factors of (-1)/((-84)/20 - -4)?
5
Let t be 2/2*(5 - 0). What are the prime factors of 4/20 + 24/t?
5
Let i(y) = -y**2 + 27*y + 14. What are the prime factors of i(16)?
2, 5, 19
Let s(k) = 4*k - k + 0 - 4*k + 3. Let h be s(6). List the prime factors of (-23 + h)/(-1 - 1).
13
Let b(l) = -2*l**3 - 4*l**2 - 3*l - 1. Let g be b(-2). Suppose 0 = g*y - 31 + 91. Let i = y - -25. List the prime factors of i.
13
Let l = -102 - -151. Let u = l - 23. What are the prime factors of u?
2, 13
Let u be ((-16)/12)/(-1)*6. Suppose 0 = -2*k + u - 2. List the prime factors of k.
3
Let y(w) = 4*w**2 - 3*w**3 - 4 + 0 + 2*w**3 + 3*w - 1. List the prime factors of y(4).
7
Let y = 84 + 62. What are the prime factors of y?
2, 73
Let q(p) = 2 - 4*p - 9*p**2 - p**3 - 5*p + 2. Let n be q(-8). What are the prime factors of (n/3 - 0)/1?
2
Let t = -46 - -150. What are the prime factors of t?
2, 13
Suppose -s = n + n - 102, 3*s - 106 = -2*n. List the prime factors of n.
2, 5
Let i be 2 + 14 + 3 + 0. Let j = -13 - -9. Let k = j + i. List the prime factors of k.
3, 5
Suppose 4*p + s - 160 = 0, 2*p + 3*s - 120 = -p. List the prime factors of p.
2, 5
Suppose 5*n - 143 = 192. What are the prime factors of n?
67
Let w(p) = -2*p + 9. Let g be w(-8). Let i = -6 + g. List the prime factors of i.
19
Suppose 0*f = 5*p + 5*f, 5*f = 2*p + 28. Let t be (-1)/(-2) + 84/8. Let s = p + t. List the prime factors of s.
7
Suppose 0 = -5*v + 20. Let w = v - 2. What are the prime factors of w?
2
Let u(s) = -s**2 - 7*s - 1. Let f be u(-4). Let j(w) = -w**2 + 6*w - 6. Let l be j(6). Let g = f + l. List the prime factors of g.
5
Suppose -136*t + 134*t + 150 = 0. List the prime factors of t.
3, 5
Let u(r) = -r**3 + 4*r**2 + 2*r - 2. Suppose p - 3*y - 17 - 2 = 0, 11 = 4*p + y. List the prime factors of u(p).
2, 3
Let i(h) = -h**3 + 4*h**2 - 2*h - 1. Suppose -2*n = 3*w - 8, -w + 7 = 2*n + 3. Let p be i(w). Suppose g - p*g = -16. What are the prime factors of g?
2
What are the prime factors of (-4128)/(-28) - (-9)/(-21)?
3, 7
Suppose -k + 80 = k. Let x = -29 + k. What are the prime factors of x?
11
Suppose 2*r - 5*r - 3*n = 36, 2*r = -n - 24. List the prime factors of 3/(3/2) - r.
2, 7
Let z = 54 + -33. What are the prime factors of z?
3, 7
Let k(z) = z**2 - 7*z - 10. What are the prime factors of k(-8)?
2, 5, 11
Let y(g) = -5*g - 10. Let t be y(-8). Suppose -j - 3*p = 2*j - 78, 3*p - t = -j. What are the prime factors of j?
2, 3
Suppose q = 35 + 137. What are the prime factors of q?
2, 43
Suppose 5*b - 1 = -66. Let a be ((-6)/5)/((-2)/30). Let u = b + a. What are the prime factors of u?
5
Let a(f) = -3*f + 5. Let l(q) = -5*q + 0 - 3 + 4*q + 4. Let y(c) = a(c) - 4*l(c). What are the prime factors of y(1)?
2
What are the prime factors of (-4 - 161)/(-3) - -3?
2, 29
Let v(h) = -h**2 + 9*h - 10. Let z(r) = r**2 - 2*r - 1. Let j be z(-2). What are the prime factors of v(j)?
2
Let i(o) = o + 6*o - 2 + 0. List the prime factors of i(3).
19
Suppose 2*a - 9 + 3 = 0. Let f(p) = p + 1. Let o be f(6). Suppose -11 = -a*i + o. What are the prime factors of i?
2, 3
Let q(r) = r**2 - 10*r + 9. What are the prime factors of q(10)?
3
Let d = 587 + -318. What are the prime factors of d?
269
List the prime factors of 4/20 - (-59)/5.
2, 3
Let u = -79 - -307. What are the prime factors of u?
2, 3, 19
Let h = -142 + 249. List the prime factors of h.
107
Let t be (4 - 1)*6/9. Suppose -5*x - t*v + 62 = -x, -38 = -x - 5*v. List the prime factors of x.
13
Suppose 0 = -7*p + 10*p - 192. Let o = p + -46. What are the prime factors of o?
2, 3
Suppose 0 = 5*z - 8 - 2. Suppose 124 = z*t + 2*t. Let i = -20 + t. What are the prime factors of i?
11
Let f(p) = p + 0*p**2 - 3*p + 1 + 2*p**2 + p + p**3. List the prime factors of f(3).
43
Let k be 2*129/(-6)*1. Let x = k - -60. Let l = -11 + x. What are the prime factors of l?
2, 3
Suppose 0 = 6*u - 3*u - s - 397, -2*s - 532 = -4*u. List the prime factors of u.
131
Let s(d) = -45*d**2. Let o be s(-1). List the prime factors of o*(-1 + 2/3).
3, 5
Suppose 7*m - 156 = -4*c + 3*m, c - 23 = 3*m. Let t = c + -17. What are the prime factors of t?
2, 3
List the prime factors of (-16)/5*(0 - 10).
2
Suppose -36 = 3*g - 4*g. Suppose -96 = -4*t - g. What are the prime factors of t?
3, 5
Let o = -57 + 33. Let d = 65 + -31. Let i = o + d. What are the prime factors of i?
2, 5
Let t be (-4)/6*15/(-1). Let z be (-2)/(-5) + 16/t. Suppose -50 = -z*l - 3*l. What are the prime factors of l?
2, 5
Suppose -4*v + 5 = i, -3*v + 2*i = -1 + 11. What are the prime factors of 16 - (-1 + (3 - v))?
2, 7
Let q = -5 + 7. Suppose 2*g + q*g = 0. Suppose g = w - 4*w - 2*m + 44, w = -4*m + 28. List the prime factors of w.
2, 3
Suppose 5*r = -4*m - 19, -4*m + 9*r - 6*r - 27 = 0. Let y be 8/(-12) + 80/m. List the prime factors of 2*(-1)/2 - y.
13
Let k(q) = q**3 - q + 4. Let p = 4 + -4. Let z be k(p). Let n = z + -1. List the prime factors of n.
3
Let q be (-3)/(-2)*(-2)/3. Let f = q + -1. Let k = 8 - f. What are the prime factors of k?
2, 5
Let o = -15 - -65. List the prime factors of o.
2, 5
Let w(d) = -d**3 + d**2 - 1. What are the prime factors of w(-2)?
11
Suppose -v = -0*v. Let r = v - -4. Suppose 30 = -k + r*k. List the prime factors of k.
2, 5
Suppose 0 = -u - 3*u - 4*a + 48, 5*u = -a + 68. Let m be (24/28)/(2/u). Suppose -h + 4 = -m. What are the prime factors of h?
2, 5
Let q(i) = i**3 + 6*i**2 + i - 5. Let b be q(-4). Let h = b + -3. List the prime factors of h.
2, 5
Let g(m) = 2*m - 10. Let j be g(10). Suppose 5*z - 10 = j. What are the prime factors of z?
2
What are the prime factors of -3*29*49/(-21)?
7, 29
What are the prime factors of 2 + 12/24*(-412)/(-2)?
3, 5, 7
What are the prime factors of (-11)/44 - 777/(-4)?
2, 97
What are the prime factors of 